3985. Give k(15).
-65
Let d(u) = -u**3 - 294*u**2 + 305*u + 2927. Give d(-295).
-23
Let y(w) = -w**3 + 2*w**2 + 1457*w + 20440. Give y(-22).
2
Let o(n) = 54*n**2 + 80*n + 103. Calculate o(-1).
77
Let c(f) = 108157*f - 540874. Determine c(5).
-89
Let t(d) = -1210*d + 37496. Calculate t(31).
-14
Let u(v) = -32*v**2 + 892*v + 44. Calculate u(28).
-68
Let q(c) = 35*c**3 + 146*c**2 + 30*c + 5. Calculate q(-4).
-19
Let u(a) = a**3 - 95*a**2 + 994*a + 200. Determine u(83).
34
Let z(o) = -5*o**3 - 599*o**2 + 4578*o + 740. What is z(-127)?
-22
Let s(q) = q**2 + 101*q + 1253. Determine s(-86).
-37
Let w(t) = -82*t - 5192. Give w(-63).
-26
Let b(c) = 3*c**3 + 49*c**2 + 549*c - 31. Calculate b(-12).
-4747
Let q(k) = -k**2 - 1446*k - 458281. Determine q(-469).
-68
Let r(a) = -a**3 - 133*a**2 + 3047*a + 122403. Calculate r(-148).
7
Let z(r) = 32*r**2 + 641*r - 4032. Determine z(-25).
-57
Let n(a) = a**3 + 43*a**2 + 7*a + 350. Determine n(-43).
49
Let v(w) = 8*w**3 + 4*w**2 - 28112*w - 28114. What is v(-1)?
-6
Let q(o) = -3*o**3 + 5*o**2 + 9735*o - 6. What is q(0)?
-6
Let g(a) = 8858*a**2 - 203735*a + 15. Calculate g(23).
-8
Let b(y) = 7*y**3 + 12*y**2 - 54*y - 173. Give b(-3).
-92
Let m(l) = -6967*l + 14706. Give m(2).
772
Let q(t) = 10*t**2 - 475*t - 229. Calculate q(46).
-919
Let m(r) = 309*r + 3515. Determine m(-13).
-502
Let t(k) = -7*k - 510. What is t(-63)?
-69
Let v(r) = 9228*r - 2067073. Determine v(224).
-1
Let p(f) = f**3 - 41*f**2 - 199*f - 122. Determine p(46).
1304
Let m(t) = 502*t**2 + 165662*t + 657. What is m(-330)?
-3
Let l(g) = 168*g - 4024. Give l(24).
8
Let z(f) = 27*f - 1631. Give z(65).
124
Let z(u) = -44*u + 1524. Give z(34).
28
Let q(h) = -15447*h - 92000. Determine q(-6).
682
Let m(v) = 5*v**2 + 658*v + 348. Calculate m(-131).
-45
Let h(u) = u**3 + 234*u**2 + 7762*u + 392. Determine h(-194).
4
Let s(m) = 6*m**3 - 13*m**2 + 7*m - 8. Calculate s(1).
-8
Let i(z) = 4749*z + 18963. Give i(-4).
-33
Let i(k) = -k**3 - 8*k**2 - 456102*k - 2736545. Calculate i(-6).
-5
Let c(p) = -29487*p + 7076921. Calculate c(240).
41
Let u(s) = -25934*s + 778040. Calculate u(30).
20
Let p(s) = -81*s**3 - 5*s**2 - s + 18. Determine p(-2).
648
Let f(k) = -k**3 + 246*k**2 - 4107*k + 25. Calculate f(18).
-29
Let h(i) = -1144*i + 19977. Give h(17).
529
Let w(n) = 380*n + 349228. Calculate w(-919).
8
Let z(o) = -o**3 - 36*o**2 + 136*o + 48. Calculate z(-40).
1008
Let w(t) = -2677*t + 348009. Give w(130).
-1
Let h(l) = 7*l**3 - 97*l**2 + 83*l - 54. What is h(13)?
11
Let x(f) = 2*f**2 + 207*f - 1526. Calculate x(-110).
-96
Let b(j) = -37387*j + 149623. Give b(4).
75
Let s(v) = 2*v**3 + 3381*v**2 + 2011*v + 542498. Calculate s(-1690).
8
Let q(c) = c**2 + 23325*c + 6498132. Calculate q(-282).
6
Let h(x) = -15044*x + 827409. Calculate h(55).
-11
Let x(q) = -2*q**3 + 7*q**2 + 105*q + 664. Give x(11).
4
Let c(b) = 17328*b + 69703. Calculate c(-4).
391
Let y(n) = 4*n**3 + 26*n**2 + 159*n + 274. Calculate y(-3).
-77
Let a(w) = -8*w**3 - w**2 - 191*w - 592. Give a(-3).
188
Let j(r) = -11693*r - 35132. What is j(-3)?
-53
Let l(m) = -5*m**3 + 43*m**2 + 39*m + 46. Calculate l(8).
550
Let t(r) = 10578*r - 42293. Determine t(4).
19
Let b(r) = 536*r + 714. What is b(1)?
1250
Let s(i) = -i**3 - 9*i**2 + 40*i + 533. Give s(-9).
173
Let b(x) = 2*x**3 - 233*x**2 + 101*x - 132. What is b(116)?
-1872
Let s(u) = -u**3 - 2657*u**2 + 32000*u + 9. Calculate s(12).
-327
Let u(c) = -54*c - 5817. Calculate u(-116).
447
Let r(n) = n**2 - 353*n + 6326. Calculate r(19).
-20
Let n(l) = 8030*l**2 + 457711*l + 56. What is n(-57)?
-1
Let a(m) = -8*m**3 + 133*m**2 + 26*m + 428. What is a(17)?
3
Let v(m) = 25*m**2 - 337*m + 52. What is v(13)?
-104
Let t(x) = x**3 + 309*x**2 - 3827*x + 8073. Calculate t(-321).
48
Let m(z) = z**3 + 202*z**2 - 1500*z - 7692. Give m(-209).
41
Let a(g) = -50*g**2 + 105*g + 16. Calculate a(3).
-119
Let p(k) = -253*k - 19103. Calculate p(-76).
125
Let o(p) = -7*p**2 + 122*p + 972. What is o(24)?
-132
Let d(p) = p**3 + 7*p**2 - 3523*p + 293. Calculate d(-63).
-22
Let f(g) = g**3 + 4*g**2 - 791*g + 3770. What is f(5)?
40
Let w(a) = -3*a**3 - 428*a**2 + 203*a + 8575. Determine w(-143).
-5
Let j(f) = f**3 + 36*f**2 + 637*f + 17875. Determine j(-33).
121
Let m(h) = -8*h**2 + 63*h + 96. What is m(18)?
-1362
Let b(u) = -7*u - 1064. Give b(-176).
168
Let l(a) = -a**3 - 108*a**2 + 925*a - 375. Calculate l(-116).
-27
Let v(r) = -1347*r - 162708. Give v(-120).
-1068
Let z(b) = 393074*b - 11792208. What is z(30)?
12
Let q(d) = d**2 + 556649*d + 5566393. Determine q(-10).
3
Let l(i) = -3*i**2 + 2012*i - 124545. Calculate l(69).
0
Let n(r) = 2*r**2 + 2134*r + 95902. What is n(-47)?
22
Let d(f) = f**2 - 364*f - 66734. Calculate d(-134).
-2
Let d(z) = z**3 - 36*z**2 - 72*z + 2723. What is d(36)?
131
Let n(d) = -9*d**3 + 12*d**2 + 4*d - 22. Calculate n(5).
-827
Let p(t) = -3*t**2 - 12245*t - 48942. Calculate p(-4).
-10
Let l(q) = 20*q**2 + 83*q + 36. Calculate l(-10).
1206
Let l(w) = 44*w**3 - 4*w**2 - 11*w + 20. Give l(2).
334
Let b(x) = -18*x**2 + 137*x - 92. Give b(5).
143
Let i(j) = 1400*j + 29323. What is i(-21)?
-77
Let t(r) = r**2 - 396*r + 28953. What is t(99)?
-450
Let s(h) = 56*h**2 + 33391*h + 8933. Determine s(-596).
-7
Let g(d) = 3*d**2 - 1866*d + 58309. What is g(33)?
-2
Let s(n) = -n**3 + 6*n**2 + 13*n + 4. Give s(6).
82
Let b(r) = -2031*r - 162434. Give b(-80).
46
Let n(f) = -202588*f - 2633708. Give n(-13).
-64
Let m(d) = 5*d**2 - 8982*d - 44999. Give m(-5).
36
Let n(m) = -m**3 - 34*m**2 + 3*m + 1198. Determine n(-31).
-1778
Let s(j) = 2*j**3 + 15*j**2 - 335*j - 66. What is s(12)?
1530
Let d(q) = 2*q**2 - 391*q + 12338. What is d(40)?
-102
Let v(n) = 276*n**3 + 3033*n**2 - 51*n - 210. Determine v(-11).
-12
Let b(m) = m**2 - 17*m - 214721. Calculate b(-455).
39
Let k(u) = 40*u**2 - 945*u + 948. Give k(1).
43
Let r(q) = 1687*q + 148454. Give r(-88).
-2
Let c(x) = -218*x + 2608. Give c(12).
-8
Let r(c) = -2*c**2 + 221*c - 7385. Determine r(31).
-2456
Let b(q) = -q**2 + 415*q + 111835. What is b(-186)?
49
Let m(g) = 2*g**2 - 9247*g - 157784. What is m(-17)?
-7
Let l(s) = -20761*s + 290668. Calculate l(14).
14
Let c(a) = 11*a**3 - 12*a**2 + 3*a + 14. Calculate c(-1).
-12
Let x(h) = -3*h**3 + 95*h**2 - 65*h + 12. Determine x(31).
-81
Let t(u) = -2*u**3 + 89*u**2 - 954*u - 249. Determine t(26).
-41
Let k(x) = -3215*x + 39513. Give k(12).
933
Let h(w) = -345*w - 165960. Determine h(-481).
-15
Let s(f) = 10*f**3 - 20*f**2 + 8371*f - 16737. What is s(2)?
5
Let c(o) = 10*o**2 - 140*o + 328. What is c(10)?
-72
Let z(g) = -56811*g + 19. Calculate z(0).
19
Let c(l) = -5*l**3 - 224*l**2 + 287*l + 10912. Determine c(-45).
22
Let d(a) = 504262*a - 3025529. Determine d(6).
43
Let b(o) = -4956*o + 207875. Calculate b(42).
-277
Let y(d) = -140*d + 2029. Determine y(14).
69
Let h(d) = -27*d**2 - 14744*d - 243867. Calculate h(-529).
2
Let u(r) = -4*r**2 + 100*r + 1175. Calculate u(-11).
-409
Let h(c) = -c**3 + 226*c**2 - 495*c + 111873. Determine h(226).
3
Let h(d) = -d**2 + 348*d - 4969. What is h(16)?
343
Let v(n) = 94*n - 3164. Give v(46).
1160
Let y(t) = -4*t**3 + 36*t**2 - 48*t + 28. Determine y(1).
12
Let u(f) = f**3 - 12*f**2 + 330*f - 2379. Determine u(8).
5
Let u(w) = -3*w**2 + w - 132. Give u(0).
-132
Let p(m) = -25*m**2 - 13*m - 2358. Determine p(0).
-2358
Let m(s) = 451*s + 1557. Calculate m(-6).
-1149
Let q(y) = 35*y**2 + 489*y - 990. What is q(2)?
128
Let g(u) = -u**3 - 35*u**2 + 1158*u + 25603. Give g(-48).
-29
Let x(t) = -12*t**2 - 741*t + 5078. Determine x(7).
-697
Let k(j) = j**2 + 5982*j - 1204516. Determine k(195).
-1
Let w(g) = 12*g**2 + 35*g - 149. Determine w(9).
1138
Let s(d) = 166*d**2 + 21757*d - 62. Calculate s(-131).
-1503
Let v(i) = -434509*i + 11731721. Determine v(27).
-22
Let g(t) = -3*t**3 + 428*t**2 + 58046*t - 759. What is g(-85)?
6
Let h(w) = -204*w**2 + 656*w + 38. Determine h(4).
-602
Let x(p) = p**3 - 25*p**2 + 106*p + 637. Determine x(12).
37
Let v(c) = c**3 + 179*c**2 - 550*c - 732. Determine v(-182).
-4
Let i(n) = -27778*n - 1277800. What is i(-46)?
-12
Let n(s) = 36*s**2 - 11491*s + 2118. Determine n(319).
-115
Let z(h) = -h**2 + 8123*h - 186302. Calculate z(23).
-2
Let y(f) = 3353*f**2 + 3014*f + 3015. Calculate y(-1).
3354
Let b(r) = 1448*r - 63